2 + 5*x + 5. Let a(m) = -6*b(m) + 5*k(m). Let d be (-6 + 9)*-1*(-3)/9. Give a(d).
9
Suppose 6*f + 4 = 8*f. Let k(n) = -2*n**2 - 5*n - 7. Let u(q) = 0*q**2 - 3 + q - 3*q - q**2. Let p(b) = f*k(b) - 5*u(b). Determine p(2).
5
Suppose 3*c + 2*y - 33 + 13 = 0, 3*y - 28 = -4*c. Suppose -t + 6 = -c*t. Let s(z) = 2*z**2 + 4*z + 2. Determine s(t).
2
Suppose -15*d = -12*d - 12. Let g(r) = -r**3 + 5*r**2 - 2*r - 4. Determine g(d).
4
Let v(i) be the first derivative of i**2/2 - i + 2. Determine v(6).
5
Let c(u) = -2*u + 8. Let j(b) = -2*b + 9. Suppose 2*w - 5*a = -6, 4*w - 5*a + 2 = -0*w. Let o(s) = w*j(s) - 3*c(s). Give o(5).
4
Suppose -2*v = v - 3. Let s(w) = 5*w**2 + w - 1. Let f be s(v). Let c(r) = r + f*r**2 - 2*r + 3*r - 6 - r**3. Give c(5).
4
Let f(j) = -3*j**2 - j**3 + 21*j + 2 - 2*j**2 - 14*j. Let w(c) = c**2 - c - 6. Let y be w(0). What is f(y)?
-4
Let j be 3 + 0 + -2 + 2. Let m(t) = t**3 - t - 1. Let z(x) = -4*x**3 + 4*x**2 + 2*x. Let h(n) = j*m(n) + z(n). What is h(4)?
-7
Let a(p) be the second derivative of -p**4/6 + p**2 + 6*p. Let r(b) = 9*b**3 - 2*b**2 + 1. Let n be r(1). Suppose -5*q + n = -q. Give a(q).
-6
Let f(g) be the second derivative of g**4/12 - 3*g**3/2 + 7*g**2/2 - 13*g. Give f(8).
-1
Let r(g) be the third derivative of g**6/24 + g**5/60 + g**4/24 - g**3/6 + 3*g**2. Give r(1).
6
Let z(l) = -l**3 + 7*l**2 - 7*l - 7. Let q be z(5). Let y(k) = k**3 - 9*k**2 + 10*k - 11. What is y(q)?
5
Let t(z) = z - 4. Let w be (-270)/50 - (-3)/(-5). Determine t(w).
-10
Let s(f) = f + 11. Let p be s(-12). Let a(l) = 2*l. Give a(p).
-2
Let s(t) = -t + 9. Let b be s(4). Suppose g - b*i + 7 + 0 = 0, -3*i = 5*g - 21. Let l(q) = q**3 - 2 - 4*q**2 + 0*q**2 + q**2. What is l(g)?
-2
Let q(d) = -d - 9. Suppose -4*c - 15 = 5*u, -5*u + 1 = -3*u + 3*c. Give q(u).
-2
Let q(x) = -x**2 - x - 1. Let g = -14 + 12. Calculate q(g).
-3
Let l(y) = y**2 + 17*y + 18. Let u be l(-16). Suppose -k - 20 = 4*z - u*k, 3*z - 3*k = -6. Let q(t) = t**3 + 6*t**2 + 2*t + 2. Give q(z).
-10
Let l = 3 + -6. Suppose -55 + 20 = -5*p. Let i = p + l. Let h(y) = -y**3 + 5*y**2 - 3*y + 6. Determine h(i).
10
Let d(y) = -17 + 12 + 7 + 0*y**2 + y**2 + 6*y. Suppose b + 3 - 4 = 0. Suppose o - 5*a + b = -8, 0 = 4*o + 4*a + 12. Give d(o).
-6
Let d(c) = c + 2. Suppose -4 = u - 0, -4*w + 4*u + 4 = 0. Calculate d(w).
-1
Let u(q) = -12 - q + 12. Suppose 0 = -0*o + 4*o. Determine u(o).
0
Let w = 10 + -13. Let y(u) = u**3 + 2*u**2 + 4. What is y(w)?
-5
Let s(o) = -o + 2. Suppose 10 = 3*z - 5. Suppose z*r - 30 = -5*f, 4*r + 0*r - 18 = -3*f. Determine s(f).
-4
Let i(a) = 5*a + 1. Let u(r) = -2*r. Let j(g) = 3*i(g) + 7*u(g). Calculate j(-5).
-2
Suppose 3*b - 3*g + 8 = 2*g, -3*b - 3*g = 0. Let k(d) = -4*d**2 - 2*d - 1. Calculate k(b).
-3
Let t be 58/(-18) - (-24)/108. Let q(f) = -f**3 - 4*f**2 - f + 1. Give q(t).
-5
Let c(y) be the third derivative of -1/6*y**3 - 7*y**2 + 5/24*y**4 + 0*y + 0. Calculate c(1).
4
Suppose -2*w - 20 = 3*w. Let j(x) = -x + 2. Calculate j(w).
6
Let g(b) = -25*b**2 + 55*b**2 - 29*b**2. Calculate g(2).
4
Let u(v) = -v + 2. Let y be u(6). Let r = y + 10. Let p(c) = c**3 - 5*c**2 - 6*c + 3. Determine p(r).
3
Let f(x) = -x**2 - 4*x - 3. Let k be 4/(-8)*(2 + 2) + -4. Calculate f(k).
-15
Let p be (-12)/4 + (1 - -2). Suppose p = -4*l + 3 - 19. Let v(o) = o**2 + 3*o + 4. Give v(l).
8
Let n(t) = -41 - 3*t + t + 37. Determine n(-6).
8
Let x = -7 - -10. Let s(i) be the second derivative of -i**2 + 1/3*i**4 + 2*i - 1/2*i**3 - 1/20*i**5 + 0. Give s(x).
-2
Let p(r) = r + 7. Suppose -4*h - 26 = -3*a, 0*a - a - h - 3 = 0. Let x = -12 - -18. Suppose 0 = -a*z + x*z. Give p(z).
7
Suppose 4 = 5*j + 4*p - 12, -3*j - 3*p = -12. Let u be j/(2/(-1 - 1)). Suppose 3*s + 17 = -4*w, u = 4*s + 5 + 7. Let d(n) = -n**2 + n + 1. Determine d(w).
-5
Let b(a) = -a + 2. Let f(y) = -y**2 - 8*y. Let g be f(-8). Let o(d) = d**2 + 5. Let k be o(g). Suppose -s + k = -0*s. Calculate b(s).
-3
Let u = 339/1388 + 2/347. Let s(o) be the first derivative of u*o**4 + o + 2/3*o**3 - o**2 - 2. Determine s(-3).
-2
Let u(x) = -x**2 - x + 4. Let s(i) = -1. Let b(v) = -5*s(v) - u(v). Determine b(-2).
3
Let r(w) = -10*w**2 - 1. Let z = 5 + -9. Let t = -5 - z. Determine r(t).
-11
Let v(y) = 5*y. Let j = 11 - 7. Let d(n) = n - 1. Let c be d(3). Suppose w = 4*q - 4 + c, 2*q + j*w = 10. Calculate v(q).
5
Let w(f) = 5*f + f**3 - 3*f + 3*f**2 + 4 - 4*f. Let x be 3 + -9 + 2 + 1. Determine w(x).
10
Suppose y + y - 10 = 0. Suppose y = -2*n - 3*n. Let c(v) = -2*v - 28*v**3 + 5*v**3 - 1 - 2*v**2 + 13*v**3. Give c(n).
9
Let p(y) = y - 1. Let c be p(3). Let t(a) = -c - 5*a - 2 + 3. Calculate t(1).
-6
Let b = 5 + -2. Let n(t) = -3*t. Calculate n(b).
-9
Let q = 19 - 14. Let b(o) = -o**3 + 6*o**2 - 6*o - 3. Calculate b(q).
-8
Let t(l) = -l**3 - 5*l**2 - 3*l - 3. Let p = 5 + -9. Determine t(p).
-7
Let m(r) = 2 - 2*r + 2 + 4*r + r. What is m(3)?
13
Let z(g) be the first derivative of 2*g**3/3 + g - 9. Determine z(1).
3
Let x(c) = -3*c - 2. Let m(l) = 2*l + 3. Let o(n) = 2*m(n) + 3*x(n). Give o(-3).
15
Let u(y) = -8*y + 2 + y + 6*y. Calculate u(7).
-5
Let o be (3 - (-3)/(-1))/1. Suppose -2*h - 2*h - 12 = o. Let u(d) = -d**3 - 4*d**2 - 5*d - 2. Give u(h).
4
Let l(b) = -20*b - 3. Let v(y) = 7*y + 1. Let z = 21 - 7. Suppose 0 = 2*u - z - 8. Let k(j) = u*v(j) + 4*l(j). Give k(-1).
2
Let g(w) = -w**3 - w**2 + 4*w. Let p be 85/15 - 4/6. Suppose -4*y + 19 = -1. Suppose y*f + 5*a = -40, 3*f + p*a = -0*f - 34. Determine g(f).
6
Let u(q) = -q + 4. Let b = 3 + 4. Let r be 12/9*(b + -4). Give u(r).
0
Let w = 68 + -65. Let l(c) be the first derivative of c + 1 + 2/3*c**3 + 1/2*c**2 - 1/4*c**4. Determine l(w).
-5
Let c = -6 - -5. Let w(f) be the second derivative of f**5/10 + f**3/6 - 3*f. Give w(c).
-3
Let m(q) be the second derivative of -9*q**5/20 - q**4/12 - q**3/6 + 4*q. Calculate m(-1).
9
Let d(u) = -u - 9. Suppose 6*f = 2*f + 20. Let b(n) = n - 9. Let y be b(f). What is d(y)?
-5
Let s = 4 - 9. Let b(k) = -k**2 - 3*k + 7. Let i be b(s). Let h(c) = c**3 + 4*c**2 + 4*c - 1. Calculate h(i).
-4
Let j(w) = -w**2 + 4 - 8 - 18*w + 3 + 6*w. Determine j(-11).
10
Let h = 13 - 17. Let z = h - -9. Let u(a) be the second derivative of a**4/12 - 2*a**3/3 + a**2 + a. Determine u(z).
7
Let o(p) = 0 + p + p + 7. Let b be o(-6). Let l(z) = 5*z + 1. Let g(a) = -2*a. Let h(m) = 14*g(m) + 6*l(m). Give h(b).
-4
Let s(u) = -2*u**2 + 1 + u**3 - u + 6*u**2 - 4*u. Suppose 5*x = 7*x. Let l be x + 8*-1 - -3. Give s(l).
1
Suppose 16 = 5*z - 2*l, -3*l - 6 = -l. Let s(b) = -3*b**2 + 5*b**z - b - 2*b**2 + b**2 + 1. Let m be (0/(-2) + 0)/2. What is s(m)?
1
Let y = 14 - 8. Let a(m) = -m - 2. What is a(y)?
-8
Let n(v) = v + 1. Let f be ((-1)/(-3))/((-4)/(-60)). Suppose -4*t - 22 = -5*g, 3*g + 16 = f*g - 4*t. Suppose 3*d + 15 = -5*k, 5*k = g*d + 2*k - 9. What is n(d)?
1
Suppose 4*x - 6 = 2*x. Let a(i) = -3 + x - i. Let w(n) = 3*n - 7. Let t be w(3). Calculate a(t).
-2
Let t be 0/(0 + -1) + 5. Suppose -5*v - 8 = -b, -v - 4*b - 5 = t. Let m(w) = 6 - 7 + 3*w + 0. What is m(v)?
-7
Let x(a) be the second derivative of 3/2*a**2 + a + 0 - 2/3*a**3. Determine x(3).
-9
Let i(y) = -y**3 - 8*y**2 - 6*y - 8. Let n(a) = a**2 + a + 1. Let j(h) = i(h) + 4*n(h). Determine j(-4).
4
Let c be (-5)/2*24/(-10). Let j(p) = -p**3 + 6*p**2 + 6. What is j(c)?
6
Suppose 1 = -b + 3*f, 3*b = 2*b + 4*f. Let h(u) = u**2 - 2*u - 4. Let c(p) = -p**2 + p + 3. Let y(t) = -5*c(t) - 4*h(t). Calculate y(b).
5
Let q(x) be the second derivative of x**3/6 - 2*x**2 + 8*x. Give q(0).
-4
Suppose 0 = g - 2*g. Let f(a) = -a**2 - a - 10. Give f(g).
-10
Suppose -2*h + 0 + 8 = 0. Let q(v) = -v + 6. What is q(h)?
2
Let m(o) = 2*o. Let c = -40 + 35. Calculate m(c).
-10
Let g(f) be the third derivative of -2*f**2 + 1/120*f**6 + 1/10*f**5 + 0 + 0*f + 7/6*f**3 + 7/24*f**4. What is g(-5)?
-3
Let i(p) = -3*p. Let c be i(1). Let j(f) be the second derivative of -f**3/3 - f**2 - 2*f. Calculate j(c).
4
Let x(p) = -p**3 + 28 + 2*p + 93*p**2 - 99*p**2 - 28. What is x(-6)?
-12
Let w(t) be the second derivative of 1/12*t**4 + 1/20*t**5 + 1/240*t**6 + 0 - 3*t + 0*t**2 + 0*t**3. Let l(d) be the third derivative of w(d). Calculate l(-4).
-6
Let g(o) = 4*o**2 - 3*o + 2. Let l(q) = -q**3 - 5*q**2 + 4*q - 3. Let n(b) = 4*g(b) + 3*l(b). Calculate n(-1).
3
Let